f h?
2, 23
Let x(i) = 5*i**2 + 23*i - 25. Let g(h) = -7*h**2 - 34*h + 38. Let f(z) = 5*g(z) + 8*x(z). List the prime factors of f(-8).
2, 3, 11
Suppose 30060 = -20*b + 50*b. What are the prime factors of b?
2, 3, 167
Let g = 1108 + 644. What are the prime factors of g?
2, 3, 73
Let z be ((-15)/6)/((-3)/138). Suppose -4*h - 47 = -z. Suppose -113 = -5*l + h. What are the prime factors of l?
2, 13
Let m be -36*((-36)/8 + 1 + -4). Suppose 4*a - m = 234. List the prime factors of a.
2, 3, 7
What are the prime factors of ((-4496)/(-12))/(12/45)?
5, 281
Suppose -31*b + 16*b + 3165 = 0. Suppose -b = -2*g + 189. List the prime factors of g.
2, 5
Let g be (-6)/4*(-2756)/78. Let r = 80 - g. List the prime factors of r.
3
Let q(w) = -3*w - 28. Let f = 17 + -15. Let i(c) = -2*c**3 + 2. Let v be i(f). What are the prime factors of q(v)?
2, 7
Suppose 0 = 4*d - 49 - 31. Let v = d - 12. List the prime factors of v.
2
Suppose -4*s + 464 = 3*m, 4*s - 464 = -6*m + 9*m. What are the prime factors of s?
2, 29
Suppose 0*x = -x + c + 24, -c = 4*x - 81. Suppose -4*q + 5*m - 16 - x = 0, -4*m = -4*q - 36. What are the prime factors of (1/4)/(-1)*q?
2
Suppose 3*u + u + 3*w - 100 = 0, -5*u = 5*w - 130. Suppose b + u = -64. What are the prime factors of -3*b/24*4?
43
What are the prime factors of (-5 - (1 + -5 + 0))*-479?
479
Let r = -35 - -38. Suppose h = r*q + 2*h - 53, -4*q - 5*h = -89. Suppose q*u = 15*u + 17. What are the prime factors of u?
17
Let o(u) = -8*u - 10. Let m = 19 + -19. Suppose -3*x + 21 = -3*a, 2*a + m*x = -5*x. List the prime factors of o(a).
2, 3, 5
Let a(i) = i - 7. Let z be a(9). Suppose -37 = -z*j - 33. Suppose -m - 18 = 4*o, -j*o - o - 23 = -4*m. List the prime factors of m.
2
Suppose -11*y = 133 - 859. Suppose 4*d - 42 - y = 0. List the prime factors of d.
3
Let w be (-12)/2 + (0 - -1). Let x(j) be the third derivative of j**5/30 + j**4/4 + 3*j**2 + 2*j. List the prime factors of x(w).
2, 5
Suppose 0 = 25*r - 4*r - 19278. What are the prime factors of r?
2, 3, 17
Suppose -14*v = 26 + 2. Let b(k) = -8*k - 7*k + 0*k. List the prime factors of b(v).
2, 3, 5
Suppose 3*t = 4 + 2. Let o = t + -3. List the prime factors of 85/10 - o/2.
3
Let c(l) = -76*l + 214. List the prime factors of c(-14).
2, 3, 71
Suppose -15 = -7*p + 20. Let r be (-1)/(2*p/20). What are the prime factors of 2 + 3 + (-24)/r?
17
Let x(g) = -26 + 13*g + 21 + 0*g - 2*g. What are the prime factors of x(12)?
127
Let p(k) = -4*k + 20. Let c be p(-4). Let g(m) = -m**2 + m + 2. Let l be g(-3). Let f = c + l. List the prime factors of f.
2, 13
Let s = 12 - 7. Suppose -p - 2 - 2 = -s*i, 3*p - 7 = -4*i. Suppose i = -4*t + 17. List the prime factors of t.
2
Let a(f) = 1786*f**2 + 3*f - 3. List the prime factors of a(1).
2, 19, 47
Suppose 5*a = -0*a - 50. List the prime factors of (a/6)/((-4650)/774 + 6).
5, 43
Let i(c) = -c**3 - 8*c**2 - c - 8. Let s be i(-8). Suppose 2*r - 4 - 6 = s. Let q = 15 + r. What are the prime factors of q?
2, 5
Let j(o) = -o**3 - 11*o**2 + 24*o - 24. Let a be j(-13). Suppose a*b - b = 163. List the prime factors of b.
163
Suppose 15446 = -5*c + 7*c. Suppose 2*m - f = c, -2528 = -m - 3*f + 1323. What are the prime factors of 1/(-5) - m/(-50)?
7, 11
Let f be 1 - -1 - (-33 - -32). What are the prime factors of (22/(-3) + 3)/(f/(-189))?
3, 7, 13
Suppose -5*i + 58*r = 57*r - 6650, 2*i - 2660 = -3*r. What are the prime factors of i?
2, 5, 7, 19
Suppose 18 = g - 2*g. Let w = -34 + g. List the prime factors of w/(-9) + (-14)/(-63).
2, 3
What are the prime factors of (1/7)/(78/189462)?
347
Let l = -250 + 127. Let y = l + 279. Suppose 2*w - 6*z - 75 = -5*z, -4*z + y = 4*w. What are the prime factors of w?
2, 19
Suppose 0 = -5*f + 5*p, -f + 3 + 0 = 2*p. Let b be -2*2/(-8)*(50 - 88). List the prime factors of (f/(-2))/(b/456).
2, 3
Let t(d) = -d**3 + 12*d**2 + 28*d - 18. List the prime factors of t(11).
3, 137
Suppose 2*u - 620 = 3358. List the prime factors of u.
3, 13, 17
Suppose -33*u + 25350 = -7*u. List the prime factors of u.
3, 5, 13
Let h(g) = 28*g**2 + 2*g - 1. Let c be h(1). Let u(a) = -c*a**3 - 2 + a - 8*a + 6*a. What are the prime factors of u(-1)?
2, 7
Let f(r) = 161*r**3 - 2*r**2 - r + 2. Let d be f(1). Suppose -2*u + 37 = -4*q - q, q = -5*u + d. List the prime factors of u.
31
Let b = 75 + -41. Let k = -6 + b. List the prime factors of k.
2, 7
Suppose 5*r - t - 6 = 0, -2*t = -r - 0*r - 6. Suppose -74 = -r*d + 2. List the prime factors of d.
2, 19
Suppose -5*n + 4*n - 193 = 0. Let j = 444 + n. What are the prime factors of j?
251
Let l(h) = 59*h**2 - 3*h - 5. Suppose -5*c = -0*c + 25. Let u(s) = 30*s**2 - 2*s - 3. Let g(w) = c*u(w) + 3*l(w). What are the prime factors of g(-1)?
2, 13
Let h be (8/(-10))/((-11)/110). Let n(y) = -y + 9. Let w be n(h). List the prime factors of w/3 + (-588)/(-18).
3, 11
List the prime factors of 7866/8 + 345/(-276).
2, 491
Let m(k) = -197*k + 65. Let c(u) = 39*u - 13. Let a(o) = 22*c(o) + 4*m(o). What are the prime factors of a(4)?
2, 127
Let t(h) = 49*h + 40. List the prime factors of t(11).
3, 193
Let o = -264 - -409. What are the prime factors of o?
5, 29
Suppose 5*q + 585 = 2*x, 2*x - 2*q - 834 + 264 = 0. Suppose 128 = 3*i + 5*v, -2*i + 5*v = 3*i - x. List the prime factors of i.
3, 17
Let l be 51/((-39)/48 - -1). Let n = l + -91. Suppose -4*y = -n - 7. What are the prime factors of y?
47
Suppose 5*t - 2*t = -39. Let j(x) be the third derivative of -x**6/120 - 7*x**5/30 - 2*x**4/3 + 19*x**3/6 - 8*x**2. List the prime factors of j(t).
2, 29
Let n = 1666 - 1026. What are the prime factors of n?
2, 5
What are the prime factors of ((147/(-14))/(-1))/((-3)/(-232))?
2, 7, 29
Let c be 16254/49 + 3*(-6)/(-63). Suppose 5*r - c = -4*z, 2*r + 3*z - 64 = 66. List the prime factors of r.
2, 17
Let h be (-2)/5 + (-24)/(-10). Suppose -u - h*u + l = -37, -9 = u + 5*l. Let a = u + 18. What are the prime factors of a?
29
List the prime factors of 6 - 2 - (27 - 1033).
2, 5, 101
Suppose 2*y = 3*a - 5314, 7*y - 5317 = -3*a + 6*y. List the prime factors of a.
2, 443
Let s(l) = 478*l**2 + 21*l + 1. List the prime factors of s(-3).
2, 5, 53
Let h be (-162)/2*(-10)/15. Let i = -22 + h. List the prime factors of i.
2
Suppose -o + 0*p + 735 = -2*p, 3*o - 2194 = -5*p. List the prime factors of o.
733
Let n be 0/1 + -6 + -6. Let l = -25 - n. Let v(m) = m**3 + 12*m**2 - 14*m + 17. List the prime factors of v(l).
2, 3, 5
Let c = -59 - -62. Let p(x) = 5*x**3 - x**2 + 4*x - 5. What are the prime factors of p(c)?
7, 19
Suppose -4*o + 40 = -5*h, 3*h + 2*h = -20. Suppose -3*a - 3 = 2*k - o*k, 0 = -4*a + 20. What are the prime factors of (-13 - 13)*k/(-4)?
3, 13
Let n(b) = 2*b + 1. Let d(i) = i + 11. Suppose 4*f - 5*s = -8, 4*f + 0*s + 2*s = -36. Let l be d(f). What are the prime factors of n(l)?
3
Suppose 0 = 5*c - 5*u - 2525, 5*u = 4*c + 3*u - 2024. List the prime factors of c.
3, 13
Let k(m) = m**3 + 6*m**2 - 9*m - 5. Let l(d) = 5*d**3 - 4*d**2 + d + 2. Let b be l(2). Suppose -b - 7 = 5*w. List the prime factors of k(w).
3
Let v(m) = 3*m**3 + m**2 + m + 8. Let d be v(6). Suppose 9*o - 184 - d = 0. List the prime factors of o.
2, 7
Let x(u) = -811*u - 58. List the prime factors of x(-6).
2, 601
Let u(h) = 5*h + 44. Let f be u(-8). Suppose -2*n + 5*q = -475, 4*n = f*q - 299 + 1255. What are the prime factors of n?
2, 3, 5
Let s(q) = -q**2 - 20*q + 14. Suppose 52*n - 64 = 56*n. List the prime factors of s(n).
2, 3, 13
Let q = -58 + 58. Let i = 2 - 1. What are the prime factors of (i - q)/((-14)/(-70))?
5
Let t be (-4)/(-6) + 22/(-6). Let a(s) = -3*s + 21. Let g be a(0). Let j = t + g. What are the prime factors of j?
2, 3
Suppose 30*s = -23*s + 101866. What are the prime factors of s?
2, 31
Let k = 737 - -323. What are the prime factors of k?
2, 5, 53
Let z(w) = -5*w - 7. Let j be z(-3). Let h = j - -20. List the prime factors of h.
2, 7
Let c = 2318 - 1595. What are the prime factors of c?
3, 241
Let j(d) be the first derivative of d**4/4 - 4*d**3 - 9*d**2/2 - d - 276. Suppose 0 = -3*z - 4*m + 23, 3*z - m = -16 + 59. List the prime factors of j(z).
3, 17
Let i be (-16)/(0 - 10/(-1165)). What are the prime factors of i/(-40) + (-3)/5?
2, 23
Suppose t + 19936 = 15*t. List the prime factors of t.
2, 89
Suppose -16*d - 2568 = -22*d. What are the prime factors of d?